 of q?
9
Suppose -4*x = -4*k + 4, -2*x = -5*k + 12 + 2. Let p be 4/10*(-10)/(-2). Suppose 5*q + g = -0*q + 40, -p = 2*q + k*g. What is the units digit of q?
9
What is the units digit of (-9)/(-27) - 2/(-3)?
1
Let w(o) be the first derivative of o**4/4 + 10*o**3/3 + 7*o**2/2 - 8*o + 5. Let c be 1/(3/(-3)) + -8. What is the units digit of w(c)?
0
Let v = 2 - -2. Suppose v*c = -0*c + 20. What is the units digit of c?
5
Let p be -3*(2 - 3 - 0). Suppose y + 14 = -y - 5*m, 0 = p*y - 5*m - 29. Suppose g = -y*q + 13, 37 = 5*g - 2*q - 28. What is the tens digit of g?
1
Let g(k) = -k**2 - 11*k + 19. Let w be -12 - (-1)/1*3. What is the units digit of g(w)?
7
Let v = 4 + 20. Suppose -4*n + 3*z + v = 0, 0*n + 30 = 2*n + 3*z. What is the units digit of n?
9
What is the tens digit of ((-70)/(-3))/((-3)/(-9))?
7
Let d be 2 - 1 - (-1 + 4). Let m be 1 - d - (1 + 0). Suppose m*p - 31 = 3*u, -p + 2*p - 26 = 5*u. What is the tens digit of p?
1
Let n = -69 + 71. Let j be (-4)/(-18)*-3*-3. Suppose j*i = 4*m - 58, -3*i = n*i - 15. What is the tens digit of m?
1
Suppose -d + 72 = 2*d. What is the tens digit of (36/d)/(2/52)?
3
Let p(b) = -6*b + 3. Let m(z) = -4 + 2*z + 11*z - 1. Let k(u) = -4*m(u) - 9*p(u). What is the units digit of k(11)?
5
Suppose -4*s + 3*u = 12, 3*s - 4 = -0*s - u. Let d(t) be the third derivative of t**5/60 + t**4/24 + 7*t**3/3 + t**2. What is the tens digit of d(s)?
1
Suppose 0 = -3*h + 9, d + 4*h = -2*d + 12. Let a = d + 4. Suppose 0*z + 5*z + 44 = a*o, 0 = 4*o - 4*z - 44. What is the tens digit of o?
1
Suppose -x + 3*h + 14 = 0, -6*x + 4*h = -2*x - 24. Suppose -24 = -x*b + 6. Let j = -7 + b. What is the units digit of j?
8
Suppose 14*s = 12*s + 68. What is the tens digit of s?
3
Suppose 0 = 4*y - 12, -4*r + 203 = -3*y - 420. What is the units digit of r?
8
What is the units digit of 1533/4 - (-63)/84?
4
Let i be (-25)/(-3) + (-4)/(-6). Suppose w + 22 = 4*o, -4*o = 2*w - 17 + 1. Let f = i - o. What is the units digit of f?
4
Suppose 2*m = 7*m - 25. What is the units digit of m?
5
What is the hundreds digit of 6/51 - (-14147)/119?
1
Let u = 62 + 25. What is the units digit of u?
7
Suppose -i = 2*t - 14, -12 = 2*t - 3*t - 3*i. Let y(d) = -1 - t*d + 6*d - d. What is the units digit of y(-8)?
7
Let i(m) = -13*m**3 - 5*m**2 - 8*m + 3. What is the hundreds digit of i(-3)?
3
Suppose 5*z - 10 = -3*s - 2, s - 4*z + 3 = 0. Suppose 91 - s = -5*x. Let d = 26 + x. What is the units digit of d?
8
Suppose -2*l = 3*l. Suppose 4*w - 36 - 116 = l. What is the units digit of w?
8
What is the tens digit of -2*2/4*-41?
4
Let h(x) = 4 - x**2 - 2 - 9*x + x. What is the tens digit of h(-6)?
1
Let t = 10 + -7. Suppose -5*u + t = -2. What is the units digit of u?
1
Suppose -b - 4*b = -4*t + 81, 3*t - 25 = b. Let u = 9 + b. What is the units digit of 3*5*u/(-10)?
6
Let b(d) = -4*d**3 - 3*d**2 - 5*d + 4. What is the hundreds digit of b(-3)?
1
Let d = 153 + 193. What is the tens digit of d?
4
Suppose -5*g + 5 + 90 = 0. What is the tens digit of g?
1
Let c be 15/10*(-46)/(-3). Suppose 0 = -3*d + 2*d + c. What is the tens digit of d?
2
What is the units digit of (1 + 9/(-6))*-84?
2
Suppose -7*m - 2*m + 180 = 0. What is the units digit of m?
0
Suppose -3*u = -4 + 1. What is the units digit of 1 - (-1 - (0 + u))?
3
Let w(m) = 2*m**2 - m - 2. Suppose 3*n = 2*n + 2. Let z be w(n). Suppose z*i + 23 = 5*a + 6, 3*i = 4*a - 14. What is the units digit of a?
5
Suppose 4*d + 0*s + 5*s + 21 = 0, 5 = -s. Let g be (0 - -1)*(3 - d). Suppose 5*w - 3*w = -g*n + 14, -31 = -4*n - w. What is the units digit of n?
8
Suppose -5*z + g = -114, 53 + 17 = 3*z + g. Let u be -1 - (z - 1/(-1)). What is the units digit of (-8)/(-10)*u/(-2)?
0
Suppose 0 = -2*u + v + 40, 2*u + 2*u + 3*v - 60 = 0. What is the units digit of (-22)/(-18) - u/81?
1
Let m = -4 + 7. Suppose -z + 0*z = m*h - 29, 5*z + 4*h = 189. What is the tens digit of z?
4
Suppose -2*a + 20 = 5*p, -3*a - 2*a = 5*p - 20. Let r be p/(-14) - (-132)/21. Suppose -2*t + 2*v + 12 = 0, 3*t - 2*v = r*t - 13. What is the units digit of t?
5
Let c(b) = -b**2 + 13*b - 14. Let u = 14 - 4. What is the units digit of c(u)?
6
Let l = 11 + 0. Suppose 0 = 3*t - 38 + l. What is the units digit of t?
9
Let a = -454 + 650. What is the hundreds digit of a?
1
Suppose -4*r = -2*f + 26, 4*f - f + r - 4 = 0. What is the units digit of 3/(13/f - 4)?
9
Let s(y) = -y**3 - y + 1. Let q be s(1). Let x = q + 4. Suppose a + 2*r = x, -2*r - r + 10 = 2*a. What is the tens digit of a?
1
Suppose -4*n + 28 = -2*n - 4*c, 2*c - 10 = -5*n. Suppose -i = i. Suppose i = -z + n*z - 39. What is the units digit of z?
3
Let a(o) = -24*o + 48. What is the hundreds digit of a(-5)?
1
Let u(l) = l**3 + 8*l**2 - 11*l - 3. Let a be u(-9). Suppose 12*n = a*n - 84. What is the tens digit of n?
2
Let h = 62 + -2. What is the tens digit of h?
6
Suppose -3*w + 2*w = 3. Let a = 0 - w. What is the units digit of a/((-6)/(-16)*2)?
4
Suppose -19 - 41 = -4*t. Let r = 36 - t. What is the units digit of r?
1
Suppose 0 = t + 3, 3*t = 4*s + 6*t - 211. Suppose -3*m + 9 = 0, 4*y - 82 - s = m. What is the units digit of y?
5
Let g(k) = 5*k**2 - 5*k + 3. What is the units digit of g(3)?
3
Suppose 0*r - 2*r = 54. What is the units digit of (r/4)/(1/(-4))?
7
Let d = 124 + -56. Let r be d*(-1)/(-4)*-2. What is the units digit of 2/(-3) - r/6?
5
Suppose 0 = -0*b + 5*b - 100. Suppose 95 = 5*o + b. Suppose -2*j + m + o = 0, 4*j + 2*m = -3*m + 9. What is the units digit of j?
6
Let s(w) = -w**2 - 9*w - 9. Suppose -4*z + 24 = -48. Suppose 4*v = 4*t + 2*v + z, 2*t + 34 = -4*v. What is the units digit of s(t)?
5
Let y(f) = -3*f**3 - 3*f**2. Let w be y(-3). Suppose -3*o - 4*h = -35, -2*o - 2*o + 2*h = -w. What is the units digit of o?
3
Let w = 44 + -30. Let y = -10 + w. Suppose x + 15 = y*x. What is the units digit of x?
5
Let l(p) = 6*p**2 - 18*p - 1. What is the hundreds digit of l(8)?
2
Suppose 0 = 4*t - 20 - 0. Suppose -3*b = 2 - t. What is the units digit of b?
1
Suppose 3*n + 0*n = 18. Let b = n + -10. Let w = 21 + b. What is the tens digit of w?
1
Let i(a) = -a**2 + 4*a + 11. Let m(t) = t**2 - 4*t - 10. Let v(l) = -3*i(l) - 4*m(l). Let o be v(5). Suppose o*p - 6*p = -12. What is the units digit of p?
3
What is the tens digit of ((-8)/3)/((-6)/36)?
1
Let v be (-258)/(-5) + (-6)/(-15). What is the units digit of (v/12)/(-1)*-3?
3
Let p be (-4)/5*(-420)/(-24). Let i(c) = -2*c + 9. What is the units digit of i(p)?
7
Let l(k) = -k**2 - 15*k + 7. Let o(u) = u**3 + 9*u**2 + 12*u + 18. Let b be o(-8). What is the tens digit of l(b)?
2
Suppose 0 = 2*f + 11 - 71. What is the units digit of f?
0
Suppose 375 = -4*c + 7*c. What is the units digit of c?
5
Let y = 117 - 60. What is the tens digit of y?
5
Suppose 2*f + f = 2*j - 974, 0 = -3*f - 4*j - 950. Let z be f/(-8) + (-2)/8. What is the units digit of (z/(-12))/((-4)/6)?
5
Suppose 0 = -0*s - s + 2. Suppose s*x = 7*x + 5*m - 50, -2*m - 15 = -3*x. What is the units digit of x?
7
What is the units digit of 146*((-5)/(-15))/(6/27)?
9
Suppose 1632 - 4258 = -13*t. What is the hundreds digit of t?
2
Let i(s) = -s**2 - 4*s + 7. Let z be i(-5). Suppose -2*j - 2*q + 122 = 0, -96 = -5*j - z*q + 206. Suppose 4*g = -g + j. What is the units digit of g?
2
Let u = -79 + 291. Suppose 20 - u = -4*g. What is the tens digit of g?
4
Suppose -5 = -5*u - 4*t + 3*t, u - 2*t + 10 = 0. Let y(j) = -j + 30. What is the units digit of y(u)?
0
Suppose -n = -2*d + 5, -2*n + 2 = -d + 3*d. Suppose 2*y - d = 4. Suppose 4*x - 5*w - 57 = 0, y*w = 3*x + 7*w - 35. What is the units digit of x?
3
Let u(t) = 9*t - 14. Suppose l - 2*l = -b - 6, b + 30 = 5*l. What is the tens digit of u(l)?
4
Let c(b) = -b**3 - 3*b**2 + 2*b - 5. Let i be c(-4). Suppose -5*w - 5*k - 25 = 0, 4*w - w - i*k + 27 = 0. Let l = -4 - w. What is the units digit of l?
3
Let u(r) = -r**3 + 4*r**2 - 5*r**2 + 2*r**2 + 4*r**2 - 2*r - 1. What is the tens digit of u(3)?
1
What is the units digit of (-2)/(-15) + (-3172)/(-60)?
3
Suppose -2*o + 0*o + 184 = 0. What is the tens digit of o?
9
Let q(j) = j**3 - 4*j**2 - 4*j - 5. Let z(c) = 2*c**3 - 3*c**2 - 5*c - 5. Let r(l) = 3*q(l) - 2*z(l). What is the units digit of r(-6)?
7
Let g(b) = -b + 1. Let l = 3 - 9. What is the units digit of g(l)?
7
Let a(g) = -g**3 + 10*g**2 - 6*g - 4. What is the u